{"id":56,"date":"2019-01-28T16:10:14","date_gmt":"2019-01-28T15:10:14","guid":{"rendered":"http:\/\/douceurdecrins.fr\/?page_id=56"},"modified":"2024-11-13T16:00:56","modified_gmt":"2024-11-13T15:00:56","slug":"esprit","status":"publish","type":"page","link":"https:\/\/douceurdecrins.fr\/index.php\/esprit\/","title":{"rendered":"ESPRIT"},"content":{"rendered":"<p>[et_pb_section fb_built=\u00a0\u00bb1&Prime; _builder_version=\u00a0\u00bb4.16&Prime; global_colors_info=\u00a0\u00bb{}\u00a0\u00bb][et_pb_row column_structure=\u00a0\u00bb1_3,1_3,1_3&Prime; _builder_version=\u00a0\u00bb4.16&Prime; background_size=\u00a0\u00bbinitial\u00a0\u00bb background_position=\u00a0\u00bbtop_left\u00a0\u00bb background_repeat=\u00a0\u00bbrepeat\u00a0\u00bb global_colors_info=\u00a0\u00bb{}\u00a0\u00bb][et_pb_column type=\u00a0\u00bb1_3&Prime; _builder_version=\u00a0\u00bb4.16&Prime; custom_padding=\u00a0\u00bb|||\u00a0\u00bb global_colors_info=\u00a0\u00bb{}\u00a0\u00bb custom_padding__hover=\u00a0\u00bb|||\u00a0\u00bb][et_pb_image src=\u00a0\u00bbhttps:\/\/douceurdecrins.fr\/wp-content\/uploads\/2021\/05\/FB_IMG_1605163417541.jpg\u00a0\u00bb align_tablet=\u00a0\u00bbcenter\u00a0\u00bb align_phone=\u00a0\u00bbcenter\u00a0\u00bb align_last_edited=\u00a0\u00bbon|desktop\u00a0\u00bb _builder_version=\u00a0\u00bb4.16&Prime; max_width=\u00a0\u00bb50%\u00a0\u00bb global_colors_info=\u00a0\u00bb{}\u00a0\u00bb][\/et_pb_image][et_pb_image src=\u00a0\u00bbhttps:\/\/douceurdecrins.fr\/wp-content\/uploads\/2021\/05\/FB_IMG_1612161197752.jpg\u00a0\u00bb align_tablet=\u00a0\u00bbcenter\u00a0\u00bb align_phone=\u00a0\u00bbcenter\u00a0\u00bb align_last_edited=\u00a0\u00bbon|desktop\u00a0\u00bb _builder_version=\u00a0\u00bb4.16&Prime; max_width=\u00a0\u00bb50%\u00a0\u00bb global_colors_info=\u00a0\u00bb{}\u00a0\u00bb][\/et_pb_image][\/et_pb_column][et_pb_column type=\u00a0\u00bb1_3&Prime; _builder_version=\u00a0\u00bb4.16&Prime; custom_padding=\u00a0\u00bb|||\u00a0\u00bb global_colors_info=\u00a0\u00bb{}\u00a0\u00bb custom_padding__hover=\u00a0\u00bb|||\u00a0\u00bb][et_pb_text _builder_version=\u00a0\u00bb4.16&Prime; text_font=\u00a0\u00bbAmatic SC||||||||\u00a0\u00bb text_text_color=\u00a0\u00bb#ffffff\u00a0\u00bb text_font_size=\u00a0\u00bb40px\u00a0\u00bb text_line_height=\u00a0\u00bb1em\u00a0\u00bb background_color=\u00a0\u00bb#cc7d82&Prime; global_colors_info=\u00a0\u00bb{}\u00a0\u00bb]<\/p>\n<p>\u00a0\u00a0 INSPIRATIONS<\/p>\n<p>[\/et_pb_text][et_pb_text _builder_version=\u00a0\u00bb4.16&Prime; text_font=\u00a0\u00bbNews Cycle||on||||||\u00a0\u00bb text_text_color=\u00a0\u00bb#307499&Prime; text_font_size=\u00a0\u00bb20px\u00a0\u00bb global_colors_info=\u00a0\u00bb{}\u00a0\u00bb]<\/p>\n<p>\u00a0\u00bb Porter un regard curieux et bienveillant \u00ab\u00a0<\/p>\n<p>[\/et_pb_text][et_pb_text _builder_version=\u00a0\u00bb4.23.1&Prime; text_font=\u00a0\u00bbNews Cycle||||||||\u00a0\u00bb text_orientation=\u00a0\u00bbjustified\u00a0\u00bb global_colors_info=\u00a0\u00bb{}\u00a0\u00bb]<\/p>\n<p>Feutri\u00e8re depuis 2015, la pratique quotidienne de cette belle mati\u00e8re a fait que c&rsquo;est la laine elle-m\u00eame qui influence aujourd&rsquo;hui mes cr\u00e9ations. Je suis persuad\u00e9e que la fibre porte l&#8217;empreinte de la vie et de l&rsquo;histoire des animaux et je suis \u00e0 son \u00e9coute.<\/p>\n<p>La laine nous enseigne que d&rsquo;un d\u00e9chet, on peut cr\u00e9er une mati\u00e8re noble. De la m\u00eame fa\u00e7on, une \u00e9coute attentive permet de transformer nos difficult\u00e9s en une belle histoire o\u00f9 prend sens le partage, les liens, la coop\u00e9ration, l&rsquo;amour.<\/p>\n<p>La cr\u00e9ation ne peut vivre sans la rencontre. Nos diff\u00e9rences l&rsquo;enrichissent.<\/p>\n<p>Alors laissons-nous aller \u00e0 cette \u00e9coute, sur les chemins de la tendresse et de la douceur.<\/p>\n<p>&nbsp;<\/p>\n<p>&nbsp;<\/p>\n<p>[\/et_pb_text][\/et_pb_column][et_pb_column type=\u00a0\u00bb1_3&Prime; _builder_version=\u00a0\u00bb4.16&Prime; custom_padding=\u00a0\u00bb|||\u00a0\u00bb global_colors_info=\u00a0\u00bb{}\u00a0\u00bb custom_padding__hover=\u00a0\u00bb|||\u00a0\u00bb][et_pb_text _builder_version=\u00a0\u00bb4.16&Prime; text_font=\u00a0\u00bbNews Cycle||on||||||\u00a0\u00bb text_text_color=\u00a0\u00bb#307499&Prime; text_font_size=\u00a0\u00bb20px\u00a0\u00bb global_colors_info=\u00a0\u00bb{}\u00a0\u00bb]<\/p>\n<p>\u00a0\u00bb Prendre soin \u00ab\u00a0<\/p>\n<p>[\/et_pb_text][et_pb_text _builder_version=\u00a0\u00bb4.16&Prime; text_font=\u00a0\u00bbNews Cycle||||||||\u00a0\u00bb text_font_size=\u00a0\u00bb20x\u00a0\u00bb text_orientation=\u00a0\u00bbjustified\u00a0\u00bb global_colors_info=\u00a0\u00bb{}\u00a0\u00bb]<\/p>\n<p>Par ses multiples qualit\u00e9s, la laine prend soin de nous. Isolante, elle r\u00e9gule l&rsquo;humidit\u00e9 et absorbe les COV, qualit\u00e9s essentielles pour nos habitations. C&rsquo;est un mat\u00e9riau confortable qui r\u00e9siste naturellement au feu, l\u00e9ger, tr\u00e8s solide et tr\u00e8s facile d&rsquo;entretien.<\/p>\n<p>Donn\u00e9e chaque ann\u00e9e par les moutons, recyclable, biod\u00e9gradable, la laine est une excellente alternative aux plastiques qui nous entourent. Utiliser la laine c&rsquo;est aussi prendre soin de la nature.<\/p>\n<p>[\/et_pb_text][\/et_pb_column][\/et_pb_row][et_pb_row column_structure=\u00a0\u00bb1_2,1_2&Prime; _builder_version=\u00a0\u00bb4.16&Prime; background_size=\u00a0\u00bbinitial\u00a0\u00bb background_position=\u00a0\u00bbtop_left\u00a0\u00bb background_repeat=\u00a0\u00bbrepeat\u00a0\u00bb global_colors_info=\u00a0\u00bb{}\u00a0\u00bb][et_pb_column type=\u00a0\u00bb1_2&Prime; _builder_version=\u00a0\u00bb4.16&Prime; custom_padding=\u00a0\u00bb|||\u00a0\u00bb global_colors_info=\u00a0\u00bb{}\u00a0\u00bb custom_padding__hover=\u00a0\u00bb|||\u00a0\u00bb][et_pb_text _builder_version=\u00a0\u00bb4.16&Prime; text_font=\u00a0\u00bbAmatic SC||||||||\u00a0\u00bb text_text_color=\u00a0\u00bb#ffffff\u00a0\u00bb text_font_size=\u00a0\u00bb40px\u00a0\u00bb text_line_height=\u00a0\u00bb1em\u00a0\u00bb header_2_font_size=\u00a0\u00bb40px\u00a0\u00bb header_2_line_height=\u00a0\u00bb2.4em\u00a0\u00bb background_color=\u00a0\u00bb#cc7d82&Prime; background_layout=\u00a0\u00bbdark\u00a0\u00bb global_colors_info=\u00a0\u00bb{}\u00a0\u00bb]<\/p>\n<p>\u00a0 ENGAGEMENT<\/p>\n<p>[\/et_pb_text][et_pb_text _builder_version=\u00a0\u00bb4.23.1&Prime; global_colors_info=\u00a0\u00bb{}\u00a0\u00bb]<\/p>\n<p>Charte des membres de l&rsquo;ATELIER &#8211; Laine d&rsquo;Europe :<\/p>\n<p>\u00ab\u00a0Utiliser une mati\u00e8re premi\u00e8re locale&#8230;<br \/>Contribuer \u00e0 la ma\u00eetrise compl\u00e8te de la fili\u00e8re&#8230;<br \/>Constituer un r\u00e9seau d&rsquo;entraide&#8230;<br \/>Aucune personne participant \u00e0 la transformation d&rsquo;un produit ATELIER ne doit subir une quelconque exploitation&#8230;<br \/>Promouvoir les produits par un label de qualit\u00e9 garantissant l&rsquo;origine pr\u00e9cise des mati\u00e8res, les lieux de transformation et les m\u00e9thodes de travail.\u00a0\u00bb<\/p>\n<p>[\/et_pb_text][\/et_pb_column][et_pb_column type=\u00a0\u00bb1_2&Prime; _builder_version=\u00a0\u00bb4.16&Prime; custom_padding=\u00a0\u00bb|||\u00a0\u00bb global_colors_info=\u00a0\u00bb{}\u00a0\u00bb custom_padding__hover=\u00a0\u00bb|||\u00a0\u00bb][et_pb_image src=\u00a0\u00bbhttps:\/\/douceurdecrins.fr\/wp-content\/uploads\/2021\/05\/FB_IMG_1603216785554.jpg\u00a0\u00bb show_bottom_space=\u00a0\u00bboff\u00a0\u00bb force_fullwidth=\u00a0\u00bbon\u00a0\u00bb align_tablet=\u00a0\u00bbcenter\u00a0\u00bb align_phone=\u00a0\u00bbcenter\u00a0\u00bb align_last_edited=\u00a0\u00bbon|desktop\u00a0\u00bb _builder_version=\u00a0\u00bb4.16&Prime; global_colors_info=\u00a0\u00bb{}\u00a0\u00bb][\/et_pb_image][\/et_pb_column][\/et_pb_row][et_pb_row column_structure=\u00a0\u00bb1_2,1_2&Prime; _builder_version=\u00a0\u00bb4.16&Prime; background_size=\u00a0\u00bbinitial\u00a0\u00bb background_position=\u00a0\u00bbtop_left\u00a0\u00bb background_repeat=\u00a0\u00bbrepeat\u00a0\u00bb global_colors_info=\u00a0\u00bb{}\u00a0\u00bb][et_pb_column type=\u00a0\u00bb1_2&Prime; _builder_version=\u00a0\u00bb4.16&Prime; custom_padding=\u00a0\u00bb|||\u00a0\u00bb global_colors_info=\u00a0\u00bb{}\u00a0\u00bb custom_padding__hover=\u00a0\u00bb|||\u00a0\u00bb][et_pb_image src=\u00a0\u00bbhttps:\/\/douceurdecrins.fr\/wp-content\/uploads\/2019\/11\/sc\u00e8neP.jpg\u00a0\u00bb align_tablet=\u00a0\u00bbcenter\u00a0\u00bb align_phone=\u00a0\u00bbcenter\u00a0\u00bb align_last_edited=\u00a0\u00bbon|desktop\u00a0\u00bb _builder_version=\u00a0\u00bb4.16&Prime; global_colors_info=\u00a0\u00bb{}\u00a0\u00bb][\/et_pb_image][\/et_pb_column][et_pb_column type=\u00a0\u00bb1_2&Prime; _builder_version=\u00a0\u00bb4.16&Prime; custom_padding=\u00a0\u00bb|||\u00a0\u00bb global_colors_info=\u00a0\u00bb{}\u00a0\u00bb custom_padding__hover=\u00a0\u00bb|||\u00a0\u00bb][et_pb_text _builder_version=\u00a0\u00bb4.16&Prime; text_font=\u00a0\u00bbAmatic SC||||||||\u00a0\u00bb text_text_color=\u00a0\u00bb#ffffff\u00a0\u00bb text_font_size=\u00a0\u00bb40px\u00a0\u00bb text_line_height=\u00a0\u00bb1em\u00a0\u00bb header_2_font_size=\u00a0\u00bb40px\u00a0\u00bb header_2_line_height=\u00a0\u00bb2.4em\u00a0\u00bb background_color=\u00a0\u00bb#cc7d82&Prime; background_layout=\u00a0\u00bbdark\u00a0\u00bb global_colors_info=\u00a0\u00bb{}\u00a0\u00bb]<\/p>\n<p>\u00a0\u00a0 UNIVERS<\/p>\n<p>[\/et_pb_text][et_pb_text _builder_version=\u00a0\u00bb4.16&Prime; global_colors_info=\u00a0\u00bb{}\u00a0\u00bb]<\/p>\n<p>J&rsquo;ai d\u00e9couvert la laine et le feutre il y a quelques ann\u00e9es, gr\u00e2ce \u00e0 une exposition de l&rsquo;ATELIER-Laines d&rsquo;Europe. Cette rencontre s&rsquo;est rapidement transform\u00e9e en passion, au point de vouloir en faire mon m\u00e9tier. Je me suis form\u00e9e aupr\u00e8s de feutri\u00e8res et notamment, avec l&rsquo;organisme LAINAMAC., qui organise des formations de qualit\u00e9.<\/p>\n<p>[\/et_pb_text][\/et_pb_column][\/et_pb_row][\/et_pb_section]<\/p>\n","protected":false},"excerpt":{"rendered":"<p>\u00a0\u00a0 INSPIRATIONS \u00a0\u00bb Porter un regard curieux et bienveillant \u00a0\u00bb Feutri\u00e8re depuis 2015, la pratique quotidienne de cette belle mati\u00e8re a fait que c&rsquo;est la laine elle-m\u00eame qui influence aujourd&rsquo;hui mes cr\u00e9ations. Je suis persuad\u00e9e que la fibre porte l&#8217;empreinte de la vie et de l&rsquo;histoire des animaux et je suis \u00e0 son \u00e9coute. La [&hellip;]<\/p>\n","protected":false},"author":1,"featured_media":0,"parent":0,"menu_order":0,"comment_status":"closed","ping_status":"closed","template":"","meta":{"_et_pb_use_builder":"on","_et_pb_old_content":"<p>[et_pb_section bb_built=\"1\" _builder_version=\"3.17.6\"][et_pb_row][et_pb_column type=\"1_5\"][\/et_pb_column][et_pb_column type=\"3_5\"][\/et_pb_column][et_pb_column type=\"1_5\"][\/et_pb_column][\/et_pb_row][et_pb_row][et_pb_column type=\"2_3\"][et_pb_image _builder_version=\"3.17.6\" src=\"http:\/\/douceurdecrins.fr\/wp-content\/uploads\/2019\/01\/Inspirations.jpg\" \/][\/et_pb_column][et_pb_column type=\"1_3\"][et_pb_text _builder_version=\"3.17.6\" background_color=\"#cc7d82\" text_font=\"Amatic SC||||||||\"]<\/p><h2>INSPIRATIONS<\/h2><p>[\/et_pb_text][et_pb_text _builder_version=\"3.17.6\"]<\/p><p>Nature, nature, nature\u2026<\/p><p>Se rendre disponible \u00e0 la contemplation, l'\u00e9merveillement.<\/p><p>[\/et_pb_text][\/et_pb_column][\/et_pb_row][et_pb_row][et_pb_column type=\"1_3\"][et_pb_text _builder_version=\"3.17.6\" background_color=\"#cc7d82\" text_font=\"Amatic SC||||||||\" text_font_size=\"38px\"]<\/p><h2>ENGAGEMENT<\/h2><p>[\/et_pb_text][et_pb_text _builder_version=\"3.17.6\"]<\/p><p>texte en construction<\/p><p>[\/et_pb_text][\/et_pb_column][et_pb_column type=\"2_3\"][\/et_pb_column][\/et_pb_row][et_pb_row][et_pb_column type=\"2_3\"][et_pb_image _builder_version=\"3.17.6\" src=\"http:\/\/douceurdecrins.fr\/wp-content\/uploads\/2019\/01\/Inspirations.jpg\" \/][\/et_pb_column][et_pb_column type=\"1_3\"][et_pb_text _builder_version=\"3.17.6\" background_color=\"#cc7d82\" text_font=\"Amatic SC||||||||\"]<\/p><h2>INSPIRATIONS<\/h2><p>[\/et_pb_text][et_pb_text _builder_version=\"3.17.6\"]<\/p><p>Nature, nature, nature\u2026<\/p><p>Se rendre disponible \u00e0 la contemplation, l'\u00e9merveillement.<\/p><p>[\/et_pb_text][\/et_pb_column][\/et_pb_row][\/et_pb_section]<\/p>","_et_gb_content_width":"","footnotes":""},"class_list":["post-56","page","type-page","status-publish","hentry"],"jetpack_sharing_enabled":true,"_links":{"self":[{"href":"https:\/\/douceurdecrins.fr\/index.php\/wp-json\/wp\/v2\/pages\/56","targetHints":{"allow":["GET"]}}],"collection":[{"href":"https:\/\/douceurdecrins.fr\/index.php\/wp-json\/wp\/v2\/pages"}],"about":[{"href":"https:\/\/douceurdecrins.fr\/index.php\/wp-json\/wp\/v2\/types\/page"}],"author":[{"embeddable":true,"href":"https:\/\/douceurdecrins.fr\/index.php\/wp-json\/wp\/v2\/users\/1"}],"replies":[{"embeddable":true,"href":"https:\/\/douceurdecrins.fr\/index.php\/wp-json\/wp\/v2\/comments?post=56"}],"version-history":[{"count":27,"href":"https:\/\/douceurdecrins.fr\/index.php\/wp-json\/wp\/v2\/pages\/56\/revisions"}],"predecessor-version":[{"id":964,"href":"https:\/\/douceurdecrins.fr\/index.php\/wp-json\/wp\/v2\/pages\/56\/revisions\/964"}],"wp:attachment":[{"href":"https:\/\/douceurdecrins.fr\/index.php\/wp-json\/wp\/v2\/media?parent=56"}],"curies":[{"name":"wp","href":"https:\/\/api.w.org\/{rel}","templated":true}]}}